 - j, -f + 5*j + 691 = 0. Is f composite?
False
Let x(r) = 25*r - 219. Let w be x(9). Suppose -94356 + 18048 = -w*u. Is u a composite number?
True
Let r = 2818314 + -653849. Is r a composite number?
True
Let s be (-12)/(-4) + (-8)/2. Let a(y) = 1. Let m(t) = 33*t + 64. Let b(c) = s*m(c) + 6*a(c). Is b(-17) composite?
False
Let a = 228 - 219. Is 8844/a + 3*4/36 a prime number?
True
Let p = 17 + -2. Let w = p + -11. Is 2526/w + ((-15)/(-10))/(-3) a composite number?
False
Let v(g) = 105*g + 2826. Is v(-19) a composite number?
True
Let d = -5744 + 14828. Is d + 3/(-6)*(-20)/(-2) prime?
False
Let q = 138777 + -81815. Suppose -10*a = -12*a + 4*z + 22798, -z = 5*a - q. Is a a prime number?
True
Let j be 53/4 + (-19)/76. Suppose 39377 + 32630 = j*r. Is r a prime number?
False
Suppose 12 - 27 = -n - 4*v, -4*n = v - 45. Let b(f) = 15*f**2 - 5*f + 27*f**3 - 28*f**3 - 3 + f. Is b(n) composite?
True
Suppose 2*g - 7 = 3*d, 0 = -g + d + 4*d - 7. Suppose 74081 = g*r - r. Is r a prime number?
False
Suppose 9*s + 303 = 8*s. Let i = -207 - s. Suppose 0 = 2*y + 3*y - 3*m - 259, 0 = -2*y + 5*m + i. Is y a prime number?
True
Let u = 5 - 8. Is (1/(4/27728))/((-6)/u) prime?
False
Suppose 4*s + s - 1 = -3*b, 4*s = -3*b + 2. Is ((-27)/(-3) + 408)*s/(-3) a prime number?
True
Let f(v) = -2*v**2 - 4*v + 5. Let x be f(0). Suppose g = -4*b + 2*b + 12982, -32455 = -x*b - 5*g. Is b composite?
False
Let d = 537388 + -313109. Is d composite?
True
Let j(q) = -17464*q**3 - 2*q**2 - 15*q - 29. Is j(-2) a composite number?
True
Let s(i) = 75*i**2 - 135*i - 2921. Is s(-27) composite?
False
Suppose -4*r + 24*r - 1100194 = 2311386. Is r a composite number?
False
Is 620758*(2 + -3)*6/(-12) a composite number?
False
Let v(r) = 42*r**2 - 75*r - 1306. Is v(-37) prime?
True
Let w = 900 + -400. Suppose 7*l - 2*l - w = 0. Suppose -l = -3*j + 11. Is j a composite number?
False
Suppose 283143034 = 397*y - 23*y - 13596420. Is y prime?
False
Suppose p = 2*g - 3*g - 17, -p - 14 = -2*g. Let q(r) = -2*r**3 - 24*r**2 - 11*r - 9. Let k be q(p). Suppose -5*u = -0*u - k. Is u prime?
True
Is ((-15)/9)/(20/(-4308204)) a prime number?
True
Let i be -4 + (-1 - -3) + (-2 - -4691). Let k be -3 + (4 - 2) + i. Let r = k - 3325. Is r composite?
False
Suppose -149*i + 9110701 + 33334445 - 6970183 = 0. Is i composite?
True
Is -226036*(5400/(-96))/45 composite?
True
Is 250681704/784 + (-6)/84 composite?
False
Suppose 0 = -8*n + 6*n + 88. Let j = n - 44. Suppose j = 5*h - o - 11, -o - 1 = -0. Is h composite?
False
Is (-8)/(-3)*29/580 - 30238972/(-60) a composite number?
False
Suppose 0 = 15*i - 9479 - 141946. Let c = i + 446. Is c a composite number?
True
Let o = 130412 + -30391. Is o prime?
False
Let o(j) = 189*j + 11. Let k be o(-3). Let a = 85 + k. Let m = 1726 + a. Is m a composite number?
True
Suppose 0 = -3*u - 15, v + 4*v - 91840 = 5*u. Let b = v - 9922. Is b prime?
False
Suppose 3*l + k + 11 = -k, 4*l - 3*k + 9 = 0. Is -3*(-5 - (-11428)/l) prime?
True
Let p(f) = 406*f + 44413. Is p(0) composite?
True
Let v(i) be the second derivative of -i**4/12 + 5*i**3/3 + 11*i**2/2 + 25*i. Let q be v(10). Suppose 17693 = q*z + 2*z. Is z a composite number?
False
Let c be -6*1*(-106)/4. Let g = 337 - c. Let s = 585 - g. Is s a prime number?
False
Let r be (-18065)/8 - (-6)/48. Let k = 201 - r. Is k a composite number?
False
Let k(m) = -610*m + 19 + 63 - 27 + 56. Is k(-26) a composite number?
False
Let w = 108 + -103. Let b(y) = 625*y + 26. Is b(w) prime?
False
Let o = 364341 - 54982. Is o prime?
True
Let c be 85 + (5 - 9 - -9). Is (c/(-50))/(88832/(-88820) + 1) composite?
True
Let j(v) = 283*v**2 + 3*v - 9. Let l = -334 - -338. Is j(l) prime?
False
Suppose -14*i - 169335 + 400284 = -328393. Is i a prime number?
True
Suppose r - 5*g = 4*r - 1264118, r + 2*g = 421371. Is r prime?
True
Let j(c) = c + 1. Let k be j(6). Suppose k*s - 24 = 11. Suppose 14372 = -s*x + 9*x. Is x a prime number?
True
Suppose -494*q = -351994859 + 56290905. Is q a prime number?
False
Let h be (30/(-24))/(1/72*-3). Is ((-6712)/(-20))/(12/h) a composite number?
False
Suppose -53*n + 20 = -48*n. Suppose 11*t = -4*j + 14*t + 3, 15 = n*j + t. Suppose r - 19 = j. Is r composite?
True
Let h(q) = -37343*q + 434. Is h(-9) prime?
True
Suppose b - 2*l = 115175, -33*l + 36*l = 12. Is b a prime number?
True
Let v(g) = 73*g + 40. Let d be v(11). Suppose -15*a + 16*a - 5*h = d, -4*a = -4*h - 3436. Is a a prime number?
True
Let j(g) = g**2 + 3*g + 4. Let a be j(0). Suppose -a*q - 316 = -8*q. Suppose -478 - q = -k. Is k a prime number?
True
Let f(x) be the first derivative of 67*x**3/3 - 21*x**2/2 + 133*x - 31. Is f(19) composite?
True
Let u = -82 - -101. Suppose u*c - 7274 - 9389 = 0. Is c prime?
True
Let v = -244077 + 447838. Is v prime?
True
Suppose g = -3*o + 3, -4*g + o = -3*o - 12. Is 7349/g*(4 - (12 + -11)) prime?
True
Suppose 4*j - 46 = 2*u + 3*u, 2*j = -4*u + 10. Let a(m) = -47*m**2 - 15 + m + 53*m**2 - j*m. Is a(7) a composite number?
False
Suppose -3*k - 5*g + 70966 = -568250, -5*g + 15 = 0. Is k composite?
False
Suppose 30*q - 25*q + 2*s = 433407, -433427 = -5*q + 3*s. Is q composite?
True
Suppose -40*o = -36*o + 4812. Let z be 32/((1 - (-1200)/o)*2). Let l = 12165 - z. Is l prime?
True
Is ((-810)/10)/9 + 84386 composite?
False
Let c(k) = 73*k**3 - k**2 - 5*k - 7. Let i = 151 + -147. Is c(i) prime?
False
Let r be (-1 - -35)*(-14)/(-8 - 6). Suppose 112836 = -22*t + r*t. Is t composite?
False
Let n = -92272 + 145397. Let f = n - 29936. Is f a composite number?
False
Suppose 0 = 5*h - 12 - 13. Let i be 3173130/450 - (-24)/(-10). Suppose -7037 = -5*j + 2*u + 4, i = h*j + 2*u. Is j a prime number?
True
Let d(m) = -415*m + 1727. Is d(-68) a composite number?
False
Suppose 0 = 5*i + 5*q - 35, -1 = q - 5. Suppose -5*v = i*r - 9247, -5*v - 4*r + 3996 = -5255. Is v composite?
False
Suppose -5*s + 5*v + 12175 = 0, -21*s + v = -16*s - 12167. Suppose -5*o - s + 12038 = 0. Is o prime?
False
Let k(z) = -z**2 + 22*z + 29. Let g be k(19). Let p = g - 83. Suppose -7607 = -2*s + s - 4*i, 0 = p*s - i - 22821. Is s a prime number?
True
Suppose -1038*p + 1140*p - 64466590 = 46156796. Is p composite?
False
Let i(w) = -w**2 - 13*w - 35. Let r be i(-7). Let k(t) = 10*t - 10. Let p be k(7). Let a = p - r. Is a a composite number?
False
Is ((-236)/14)/(-28 + 8323704/297276) prime?
False
Let v be ((-2)/(-4))/(1/(-14)). Is 7 - 250*(-17 + v) a composite number?
False
Let j be -62 - (0 + 0)/(-3). Suppose -921*k = -937*k + 4416. Let s = j + k. Is s a composite number?
True
Suppose 13027965 = -201*d + 53132088. Is d a composite number?
False
Let n = -307 - -526. Suppose -43686 + n = -3*b. Is b a prime number?
True
Let j = -127462 + 183071. Is j a prime number?
True
Let j(d) = -27847*d - 3109. Is j(-6) a prime number?
True
Let b(l) = 495*l + 1. Let r be b(3). Let o(a) = a**3 + 6*a**2 - 2*a + 29. Let k be o(-7). Is (r/k)/((-18)/54) prime?
True
Suppose 333*s - 841245 = 282*s. Is s a composite number?
True
Suppose -9 = -2*m + 1. Suppose -2*l - 2*l - 3937 = m*o, -5*o = 5*l + 4915. Let b = 1895 + l. Is b a prime number?
False
Let q(s) = 2994*s - 81. Let b(l) = -1. Let u(d) = -6*b(d) + q(d). Is u(3) composite?
True
Suppose 0 = 4*s - 48 + 104. Let v(h) = -3*h**3 - 33*h**2 - 6*h - 31. Is v(s) a prime number?
False
Let a = 5483 - 8562. Let c be 0*(-3)/(-6) - a. Suppose 5*q - 666 - c = 0. Is q a prime number?
False
Is (5 + -7)*74/4*-89 prime?
False
Let n(o) = -4504*o**3 - o - 1. Let r be n(-1). Suppose 4*k = r - 668. Let h = -588 + k. Is h a prime number?
False
Let j be (1 + (-10)/4)*(-8)/(-6). Let z(a) = -4649*a - 31. Is z(j) a composite number?
True
Let x(v) be the second derivative of -v**4/12 - v**3/6 - 3*v**2/2 + 7*v. Let c be x(-3). Is (c/(-6))/(15/6310) prime?
True
Let v be (1 - 0)/(2/(-44)). Let j(b) be the third derivative of -11*b**4/12 + 3*b**3/2 + 203*b**2. Is j(v) prime?
False
Let p be 0/10 + 6/1. Let y(l) = 66*l - 39. Let u be y(p). Suppose -2423 = -5*d + z, -u = -d + z + 126. Is d composite?
True
Let q(u) = -2*u**3 + u**2 + 3*u - 3. Let j be q(-3). Suppose 56*c - j*c = 1535. Is c a prime number?
True
Suppose -5125240 - 3638764 + 1661542 = -146*n. Is n prime?
True
Suppose -116*y = 81*y - 17279461. Is y a prime number?
False
Let h(b) = -b**3 + 29*b**2 - b + 121. Let x(i) = 5*i**